{"id":45,"date":"2025-03-22T13:37:52","date_gmt":"2025-03-22T13:37:52","guid":{"rendered":"https:\/\/zvedavie.sk\/?page_id=45"},"modified":"2026-02-15T09:24:43","modified_gmt":"2026-02-15T09:24:43","slug":"o-nas","status":"publish","type":"page","link":"https:\/\/zvedavie.sk\/index.php\/o-nas\/","title":{"rendered":"O n\u00e1s"},"content":{"rendered":"\n<p>Ob\u010dianske zdru\u017eenie <strong>zVedaVie<\/strong> vzniklo ako skupina \u0161tudentov, ktor\u00fdch sp\u00e1ja zvedavos\u0165 a nad\u0161enie pre vedu. Bav\u00ed n\u00e1s objavova\u0165, ako funguje svet okolo n\u00e1s, a ver\u00edme, \u017ee veda nemus\u00ed by\u0165 len o pou\u010dk\u00e1ch, ale aj o radosti z objavovania.<\/p>\n\n\n\n<p>N\u00e1\u0161 cie\u013e je prenies\u0165 tento z\u00e1ujem \u010falej \u2013 najm\u00e4 k de\u0165om. Chceme im uk\u00e1za\u0165, \u017ee veda m\u00f4\u017ee by\u0165 z\u00e1bavn\u00e1, hrav\u00e1 a dostupn\u00e1 pre ka\u017ed\u00e9ho, kto je ochotn\u00fd sk\u00fa\u0161a\u0165 nov\u00e9 veci a rozm\u00fd\u0161\u013ea\u0165.<\/p>\n\n\n\n<p>S touto my\u0161lienkou sme za\u010dali u\u017e v roku 2020, ke\u010f sme zorganizovali n\u00e1\u0161 prv\u00fd t\u00e1bor v Divinke. Odvtedy sa sna\u017e\u00edme vytv\u00e1ra\u0165 prostredie, v ktorom m\u00f4\u017eu deti objavova\u0165 vedu, ale aj hra\u0165 r\u00f4zne t\u00e9matick\u00e9 hry a sk\u00fa\u0161a\u0165 t\u00edmov\u00e9 aktivity.<\/p>\n\n\n\n<div class=\"wp-block-group is-nowrap is-layout-flex wp-container-core-group-is-layout-6c531013 wp-block-group-is-layout-flex\"><\/div>\n\n\n\n<h2 class=\"wp-block-heading\">Na\u0161i anim\u00e1tori<\/h2>\n\n\n\n<div class=\"wp-block-columns is-layout-flex wp-container-core-columns-is-layout-28f84493 wp-block-columns-is-layout-flex\">\n<div class=\"wp-block-column is-layout-flow wp-block-column-is-layout-flow\">\n<figure class=\"wp-block-image size-full has-custom-border\"><img loading=\"lazy\" decoding=\"async\" width=\"490\" height=\"681\" src=\"https:\/\/zvedavie.sk\/wp-content\/uploads\/2026\/01\/final_E.png\" alt=\"\" class=\"wp-image-192\" style=\"border-top-left-radius:5px;border-top-right-radius:5px;border-bottom-left-radius:5px;border-bottom-right-radius:5px\" srcset=\"https:\/\/zvedavie.sk\/wp-content\/uploads\/2026\/01\/final_E.png 490w, https:\/\/zvedavie.sk\/wp-content\/uploads\/2026\/01\/final_E-216x300.png 216w\" sizes=\"auto, (max-width: 490px) 100vw, 490px\" \/><\/figure>\n\n\n\n<p class=\"has-text-align-center\"><strong>Emma<\/strong><\/p>\n\n\n\n<p class=\"is-style-text-annotation is-style-text-annotation--1\">Som zakladate\u013ekou t\u00e1bora zVEDAvci a moment\u00e1lne \u0161tudujem magistersk\u00fd program <em>Biomedical Sciences<\/em> v Holandsku, kde u\u017e \u017eijem takmer \u0161tyri roky.<br><br>T\u00e1bor vznikol pred piatimi rokmi v malej \u0161kole v Divinke, odkia\u013e poch\u00e1dzam. Z\u00e1ujem o vedu ma postupne priviedol a\u017e k jej \u0161t\u00fadiu. Ke\u010f\u017ee m\u00e1m mlad\u0161\u00edch s\u00farodencov, prirodzene som im chcela svet okolo n\u00e1s uk\u00e1za\u0165 tak, ako ho vid\u00edm ja. Chcela som, aby sa neb\u00e1li p\u00fdta\u0165, sk\u00fama\u0165 a h\u013eada\u0165 odpovede. Pr\u00e1ve t\u00fato rados\u0165 z pozn\u00e1vania som chcela odovzda\u0165 aj ostatn\u00fdm de\u0165om &#8211; a preto t\u00e1bor vznikol.<br><br>V t\u00e1bore sa star\u00e1m o jeho fungovanie od A po Z \u2013 od organiz\u00e1cie a\u017e po hladk\u00fd priebeh programu. Napriek tomu je moje ob\u013e\u00faben\u00e9 miesto s de\u0165mi na ihrisku. U\u017e sa na v\u00e1s ve\u013emi te\u0161\u00edme!<\/p>\n<\/div>\n\n\n\n<div class=\"wp-block-column is-layout-flow wp-block-column-is-layout-flow\">\n<figure class=\"wp-block-image size-full has-custom-border\"><img loading=\"lazy\" decoding=\"async\" width=\"490\" height=\"681\" src=\"https:\/\/zvedavie.sk\/wp-content\/uploads\/2026\/01\/final_M.png\" alt=\"\" class=\"wp-image-193\" style=\"border-top-left-radius:5px;border-top-right-radius:5px;border-bottom-left-radius:5px;border-bottom-right-radius:5px\" srcset=\"https:\/\/zvedavie.sk\/wp-content\/uploads\/2026\/01\/final_M.png 490w, https:\/\/zvedavie.sk\/wp-content\/uploads\/2026\/01\/final_M-216x300.png 216w\" sizes=\"auto, (max-width: 490px) 100vw, 490px\" \/><\/figure>\n\n\n\n<p class=\"has-text-align-center\"><strong>Mat\u00fa\u0161<\/strong><\/p>\n\n\n\n<p class=\"is-style-text-annotation is-style-text-annotation--2\">Popis Mat\u00fa\u0161<\/p>\n<\/div>\n\n\n\n<div class=\"wp-block-column is-layout-flow wp-block-column-is-layout-flow\">\n<figure class=\"wp-block-image size-full has-custom-border\"><img loading=\"lazy\" decoding=\"async\" width=\"491\" height=\"681\" src=\"https:\/\/zvedavie.sk\/wp-content\/uploads\/2026\/01\/final_Z.png\" alt=\"\" class=\"wp-image-194\" style=\"border-top-left-radius:5px;border-top-right-radius:5px;border-bottom-left-radius:5px;border-bottom-right-radius:5px\" srcset=\"https:\/\/zvedavie.sk\/wp-content\/uploads\/2026\/01\/final_Z.png 491w, https:\/\/zvedavie.sk\/wp-content\/uploads\/2026\/01\/final_Z-216x300.png 216w\" sizes=\"auto, (max-width: 491px) 100vw, 491px\" \/><\/figure>\n\n\n\n<p class=\"has-text-align-center\"><strong>Zuzka<\/strong><\/p>\n\n\n\n<p class=\"is-style-text-annotation is-style-text-annotation--3\">Som \u0161tudentkou \u017dilinskej univerzity v \u0161tudijnom programe po\u010d\u00edta\u010dov\u00e9 in\u017einierstvo. Veda ma bav\u00ed v r\u00f4znych podob\u00e1ch, aj ke\u010f v r\u00e1mci \u0161t\u00fadia sa najviac venujem matematike, fyzike a technick\u00e9mu mysleniu.<br><br>M\u00f4j z\u00e1ujem o vedu sa za\u010dal u\u017e na strednej \u0161kole, kde som bola s\u00fa\u010das\u0165ou kr\u00fa\u017eku Chemick\u00e1 show. Jeho cie\u013eom bolo uk\u00e1za\u0165, \u017ee veda nemus\u00ed by\u0165 nudn\u00e1 ani zlo\u017eit\u00e1, ale m\u00f4\u017ee to by\u0165 z\u00e1bava pln\u00e1 prekvapen\u00ed.<br><br>Pr\u00e1ve t\u00fato my\u0161lienku sa sna\u017e\u00edm pren\u00e1\u0161a\u0165 do aktiv\u00edt n\u00e1\u0161ho t\u00e1bora. S de\u0165mi sa v\u017edy rada vr\u00e1tim k rozmanit\u00fdm experimentom, ktor\u00e9 si u\u017eij\u00fa a z\u00e1rove\u0148 sa pri nich nen\u00e1padne aj nie\u010do nau\u010dia.<\/p>\n<\/div>\n\n\n\n<div class=\"wp-block-column is-layout-flow wp-block-column-is-layout-flow\">\n<figure class=\"wp-block-image size-large has-custom-border\"><img loading=\"lazy\" decoding=\"async\" width=\"729\" height=\"1024\" src=\"https:\/\/zvedavie.sk\/wp-content\/uploads\/2026\/02\/final_J-729x1024.png\" alt=\"\" class=\"wp-image-293\" style=\"border-top-left-radius:5px;border-top-right-radius:5px;border-bottom-left-radius:5px;border-bottom-right-radius:5px\" srcset=\"https:\/\/zvedavie.sk\/wp-content\/uploads\/2026\/02\/final_J-729x1024.png 729w, https:\/\/zvedavie.sk\/wp-content\/uploads\/2026\/02\/final_J-214x300.png 214w, https:\/\/zvedavie.sk\/wp-content\/uploads\/2026\/02\/final_J-768x1078.png 768w, https:\/\/zvedavie.sk\/wp-content\/uploads\/2026\/02\/final_J.png 824w\" sizes=\"auto, (max-width: 729px) 100vw, 729px\" \/><\/figure>\n\n\n\n<p class=\"has-text-align-center\"><strong>Johanka<\/strong><\/p>\n\n\n\n<p class=\"is-style-text-annotation is-style-text-annotation--4\">Som \u0161tudentkou posledn\u00e9ho ro\u010dn\u00edka pr\u00edrodovedn\u00e9ho bilingv\u00e1lneho gymn\u00e1zia. Pr\u00e1ve po\u010das \u0161t\u00fadia na tejto \u0161kole som si uvedomila, ako ma pr\u00edrodn\u00e9 vedy neskuto\u010dne bavia a to najm\u00e4 biol\u00f3gia, ktorej sa chcem venova\u0165 aj na\u010falej.<br><br>Od mali\u010dka ma fascinovalo pozorovanie sveta okolo seba a objavovanie toho, \u010do \u010dasto zost\u00e1va skryt\u00e9 na prv\u00fd poh\u013ead. Rovnako prirodzene m\u00e1m ve\u013emi bl\u00edzko aj k de\u0165om \u2013 rada s nimi tr\u00e1vim \u010das a te\u0161\u00ed ma ich \u00faprimn\u00e1 zvedavos\u0165 a rados\u0165 z objavovania.<br><br>Pr\u00e1ve preto ma my\u0161lienka podie\u013ea\u0165 sa na t\u00e1bore, ktor\u00fd sp\u00e1ja l\u00e1sku k vede a pr\u00e1cu s de\u0165mi, nadchla u\u017e od za\u010diatku. Je to priestor, kde m\u00f4\u017eu deti rozv\u00edja\u0165 z\u00e1ujem o svet okolo seba a ktor\u00fd im uk\u00e1\u017ee, \u017ee veda nie je v\u017edy len o \u010d\u00edslach a zlo\u017eit\u00fdch vzorcoch ale aj o zauj\u00edmav\u00fdch experimentoch a \u010dastokr\u00e1t aj z\u00e1bave.<\/p>\n<\/div>\n<\/div>\n\n\n\n<p><\/p>\n","protected":false},"excerpt":{"rendered":"<p>Ob\u010dianske zdru\u017eenie zVedaVie vzniklo ako skupina \u0161tudentov, ktor\u00fdch sp\u00e1ja zvedavos\u0165 a nad\u0161enie pre vedu. Bav\u00ed n\u00e1s objavova\u0165, ako funguje svet okolo n\u00e1s, a ver\u00edme, \u017ee veda nemus\u00ed by\u0165 len o pou\u010dk\u00e1ch, ale aj o radosti z objavovania. N\u00e1\u0161 cie\u013e je prenies\u0165 tento z\u00e1ujem \u010falej \u2013 najm\u00e4 k de\u0165om. Chceme im uk\u00e1za\u0165, \u017ee veda m\u00f4\u017ee by\u0165 [&hellip;]<\/p>\n","protected":false},"author":2,"featured_media":0,"parent":0,"menu_order":0,"comment_status":"closed","ping_status":"closed","template":"","meta":{"_glsr_average":0,"_glsr_ranking":0,"_glsr_reviews":0,"footnotes":""},"class_list":["post-45","page","type-page","status-publish","hentry"],"_links":{"self":[{"href":"https:\/\/zvedavie.sk\/index.php\/wp-json\/wp\/v2\/pages\/45","targetHints":{"allow":["GET"]}}],"collection":[{"href":"https:\/\/zvedavie.sk\/index.php\/wp-json\/wp\/v2\/pages"}],"about":[{"href":"https:\/\/zvedavie.sk\/index.php\/wp-json\/wp\/v2\/types\/page"}],"author":[{"embeddable":true,"href":"https:\/\/zvedavie.sk\/index.php\/wp-json\/wp\/v2\/users\/2"}],"replies":[{"embeddable":true,"href":"https:\/\/zvedavie.sk\/index.php\/wp-json\/wp\/v2\/comments?post=45"}],"version-history":[{"count":6,"href":"https:\/\/zvedavie.sk\/index.php\/wp-json\/wp\/v2\/pages\/45\/revisions"}],"predecessor-version":[{"id":295,"href":"https:\/\/zvedavie.sk\/index.php\/wp-json\/wp\/v2\/pages\/45\/revisions\/295"}],"wp:attachment":[{"href":"https:\/\/zvedavie.sk\/index.php\/wp-json\/wp\/v2\/media?parent=45"}],"curies":[{"name":"wp","href":"https:\/\/api.w.org\/{rel}","templated":true}]}}