{"id":51,"date":"2025-03-22T13:41:49","date_gmt":"2025-03-22T13:41:49","guid":{"rendered":"https:\/\/zvedavie.sk\/?page_id=51"},"modified":"2025-05-12T10:42:57","modified_gmt":"2025-05-12T10:42:57","slug":"kontakt","status":"publish","type":"page","link":"https:\/\/zvedavie.sk\/index.php\/kontakt\/","title":{"rendered":"Kontakt"},"content":{"rendered":"\n<div class=\"wp-block-group is-nowrap is-layout-flex wp-container-core-group-is-layout-6c531013 wp-block-group-is-layout-flex\"><\/div>\n\n\n\n<p><strong>E-mail:<\/strong> zvedavie.official@gmail.com<\/p>\n\n\n\n<div class=\"wp-block-group is-nowrap is-layout-flex wp-container-core-group-is-layout-6c531013 wp-block-group-is-layout-flex\"><\/div>\n\n\n\n<p><strong>Kontaktn\u00e1 osoba<\/strong>: Emma \u010ca\u010dkov\u00e1<\/p>\n\n\n\n<p><strong>Telef\u00f3nne \u010dislo:<\/strong> +421915494367<\/p>\n\n\n\n<div class=\"wp-block-group is-nowrap is-layout-flex wp-container-core-group-is-layout-6c531013 wp-block-group-is-layout-flex\"><\/div>\n\n\n\n<p>M\u00f4\u017eete n\u00e1s n\u00e1js\u0165 aj na soci\u00e1lnych sie\u0165ach:<\/p>\n\n\n\n<ul class=\"wp-block-list\">\n<li><strong>Instagram:<\/strong> <a href=\"https:\/\/www.instagram.com\/zvedavie\/\">@zvedavie<\/a><\/li>\n\n\n\n<li><strong>Youtube:<\/strong> <a href=\"https:\/\/www.youtube.com\/@zvedavie7308\" data-type=\"link\" data-id=\"https:\/\/www.youtube.com\/@zvedavie7308\">zVedaVie<\/a><\/li>\n<\/ul>\n\n\n\n<div class=\"wp-block-group is-nowrap is-layout-flex wp-container-core-group-is-layout-6c531013 wp-block-group-is-layout-flex\"><\/div>\n","protected":false},"excerpt":{"rendered":"<p>E-mail: zvedavie.official@gmail.com Kontaktn\u00e1 osoba: Emma \u010ca\u010dkov\u00e1 Telef\u00f3nne \u010dislo: +421915494367 M\u00f4\u017eete n\u00e1s n\u00e1js\u0165 aj na soci\u00e1lnych sie\u0165ach:<\/p>\n","protected":false},"author":2,"featured_media":0,"parent":0,"menu_order":0,"comment_status":"closed","ping_status":"closed","template":"","meta":{"_glsr_average":0,"_glsr_ranking":0,"_glsr_reviews":0,"footnotes":""},"class_list":["post-51","page","type-page","status-publish","hentry"],"_links":{"self":[{"href":"https:\/\/zvedavie.sk\/index.php\/wp-json\/wp\/v2\/pages\/51","targetHints":{"allow":["GET"]}}],"collection":[{"href":"https:\/\/zvedavie.sk\/index.php\/wp-json\/wp\/v2\/pages"}],"about":[{"href":"https:\/\/zvedavie.sk\/index.php\/wp-json\/wp\/v2\/types\/page"}],"author":[{"embeddable":true,"href":"https:\/\/zvedavie.sk\/index.php\/wp-json\/wp\/v2\/users\/2"}],"replies":[{"embeddable":true,"href":"https:\/\/zvedavie.sk\/index.php\/wp-json\/wp\/v2\/comments?post=51"}],"version-history":[{"count":14,"href":"https:\/\/zvedavie.sk\/index.php\/wp-json\/wp\/v2\/pages\/51\/revisions"}],"predecessor-version":[{"id":173,"href":"https:\/\/zvedavie.sk\/index.php\/wp-json\/wp\/v2\/pages\/51\/revisions\/173"}],"wp:attachment":[{"href":"https:\/\/zvedavie.sk\/index.php\/wp-json\/wp\/v2\/media?parent=51"}],"curies":[{"name":"wp","href":"https:\/\/api.w.org\/{rel}","templated":true}]}}